t is a(31)?
170
Let w(f) = f**3 - 13*f**2 + 444*f - 4907. What is w(12)?
277
Let d(s) = 49*s**3 + 32*s**2 - 955*s - 986. Give d(-1).
-48
Let g(b) = b**3 + 14*b**2 - 128*b - 164. Give g(-21).
-563
Let y(t) = -13*t**2 + 1534*t - 148. Determine y(119).
-1695
Let l(q) = -q**3 + 35*q**2 + 110*q + 149. Give l(38).
-3
Let x(m) = 702*m - 7466. What is x(12)?
958
Let h(c) = -8824*c - 97113. Give h(-11).
-49
Let q(m) = -3*m**3 - 265*m**2 + 198*m + 2001. What is q(-89)?
221
Let o(h) = -270*h - 2211. Calculate o(-8).
-51
Let t(c) = -78*c**2 + 329*c - 99. Determine t(4).
-31
Let p(l) = -l**2 - 526*l - 22985. Calculate p(-48).
-41
Let o(n) = -5*n**3 - 25*n**2 + 93*n + 115. Calculate o(-7).
-46
Let g(h) = 178*h - 18153. Determine g(106).
715
Let l(y) = -248*y**2 + 3787*y - 15. Calculate l(15).
990
Let z(h) = 2149*h - 11257. Determine z(5).
-512
Let z(b) = 6*b**2 - 142*b - 1970. Calculate z(32).
-370
Let w(x) = 469234*x + 3753896. What is w(-8)?
24
Let x(b) = -113166*b - 792146. What is x(-7)?
16
Let u(l) = -2*l**3 + 4*l**2 - 6*l + 288. Determine u(12).
-2664
Let y(j) = 37*j**2 - 928*j - 6451. What is y(31)?
338
Let f(s) = -616*s + 13790. Determine f(27).
-2842
Let u(l) = 7877*l**2 + 78769*l - 12. Determine u(-10).
-2
Let s(g) = 3*g**2 + 4886*g + 774653. Give s(-178).
-3
Let x(h) = h**3 + 7*h**2 - 78*h + 72. Determine x(10).
992
Let p(g) = -46*g**3 + 2*g**2 - 144*g + 283. Give p(2).
-365
Let m(v) = -24*v**3 + 1034*v**2 - 139*v + 2278. What is m(43)?
-1
Let q(c) = c**2 - 119*c + 3226. What is q(84)?
286
Let m(s) = -s**3 + 14*s**2 - 62*s + 68. Give m(8).
-44
Let f(h) = -9758*h - 751398. Determine f(-77).
-32
Let l(n) = 4*n**2 + 1435*n + 20819. Give l(-343).
-790
Let y(i) = 625*i + 6905. Calculate y(-10).
655
Let l(w) = -7959*w + 8571831. What is l(1077)?
-12
Let z(p) = p**3 + 199*p**2 - 3886*p + 4341. Give z(-217).
1
Let c(q) = q**3 + 50*q**2 - 892*q - 53. Give c(14).
3
Let q(i) = 1414*i - 16173. Give q(11).
-619
Let j(o) = 3*o**3 - 27*o**2 - 514*o + 490. Determine j(18).
-14
Let i(u) = 3*u**2 - 331*u + 3455. Give i(99).
89
Let v(g) = 5*g**3 - 106*g**2 + 141*g - 2507. What is v(21)?
13
Let k(c) = 148*c + 16897. Calculate k(-112).
321
Let g(y) = 10*y**2 - 3186*y + 6381. Determine g(2).
49
Let a(f) = -11*f**2 - 1776*f + 7180. Give a(4).
-100
Let z(j) = 1498636*j + 2997278. Calculate z(-2).
6
Let u(f) = -26*f**2 - 355*f - 1052. Determine u(-3).
-221
Let o(w) = -230*w - 10324. Determine o(-45).
26
Let r(n) = -3*n**2 - 964*n - 2294. Give r(-319).
-61
Let i(h) = -27*h**3 - 33*h**2 - 10*h - 26. Give i(-4).
1214
Let b(a) = 84*a + 4713. Calculate b(-56).
9
Let q(i) = 88*i**3 - 121*i**2 - 433*i + 16. Calculate q(3).
4
Let c(x) = -x**3 - 57*x**2 - 1066*x - 33217. Determine c(-49).
-191
Let k(y) = 62*y**3 - 371*y**2 - 128*y + 732. Give k(6).
0
Let m(u) = -3229*u + 25863. What is m(8)?
31
Let t(d) = d**3 + 5*d**2 - 129*d + 3684. What is t(-20)?
264
Let y(c) = 4*c**2 - 16*c + 305. What is y(0)?
305
Let q(c) = -51*c + 7782. Determine q(173).
-1041
Let p(f) = -f**3 + 29*f**2 - 66*f + 239. Determine p(27).
-85
Let m(t) = 226*t**3 - 175*t**2 - 216*t - 39. Calculate m(-1).
-224
Let d(b) = 14*b**2 + 542*b + 5167. Calculate d(-22).
19
Let i(s) = -233772*s + 4441672. Give i(19).
4
Let o(n) = 33*n**3 - 762*n**2 + 26*n + 480. Give o(23).
-509
Let j(x) = 9987*x - 1418149. Determine j(142).
5
Let k(m) = 6*m**2 - 7710*m - 132802. Calculate k(1302).
2
Let u(h) = h**2 + 217*h + 3601. Give u(-199).
19
Let j(t) = -3*t**3 + 90*t**2 + 105*t - 397. What is j(31)?
-25
Let m(c) = -c**2 - 3981*c - 781201. Determine m(-207).
17
Let c(y) = 516*y - 96750. Give c(188).
258
Let x(s) = 2*s**3 + 331*s**2 + 523*s + 5076. What is x(-164)?
-8
Let i(k) = -3378*k + 256733. Give i(76).
5
Let u(v) = v**3 + 145*v**2 - 17093*v + 242. What is u(-222)?
20
Let o(n) = 2*n**3 - 30*n**2 + 38*n - 487. Determine o(15).
83
Let g(r) = -113230*r - 1358760. Give g(-12).
0
Let b(i) = -10412*i - 93629. Calculate b(-9).
79
Let s(a) = -275*a**2 - 5070*a - 2153. Give s(-18).
7
Let g(k) = 6*k**3 + 412*k**2 - 167*k - 161. Determine g(-69).
1840
Let b(w) = w**2 - 22*w - 2781. What is b(-42)?
-93
Let r(z) = z**3 + 7*z**2 + 1509*z + 12135. Determine r(-8).
-1
Let m(f) = 27*f**2 - 2018*f + 107. Calculate m(75).
632
Let u(s) = 2*s**3 + 44*s**2 - 11*s - 156. Determine u(-22).
86
Let r(p) = -115*p - 3514. Determine r(-29).
-179
Let k(o) = o**3 + 94*o**2 + 726*o + 17422. Determine k(-88).
-2
Let x(j) = -157*j**2 + 12352*j + 4036. Give x(79).
7
Let w(s) = 3*s**3 - 566*s**2 + 368*s + 1490. Determine w(188).
-14
Let x(g) = -24*g**2 + 464*g - 1562. What is x(15)?
-2
Let z(f) = 23*f**3 - 576*f**2 + 29*f + 103. Determine z(25).
203
Let a(j) = j**3 + 49*j**2 - 45*j - 75. Give a(-50).
-325
Let d(h) = -2*h**3 + 7*h**2 + 60*h - 229. Determine d(9).
-580
Let v(n) = -23*n**3 + 228*n**2 + 24*n + 13. Give v(10).
53
Let b(h) = h**3 + 284*h**2 - 10*h - 2758. Determine b(-284).
82
Let f(l) = 8824*l - 35364. Calculate f(4).
-68
Let j(g) = -96493*g - 675444. Calculate j(-7).
7
Let g(p) = 254*p + 670. Determine g(-2).
162
Let c(w) = 7691*w - 14709. Calculate c(2).
673
Let j(z) = 105*z**2 - 1476*z + 120. Give j(14).
36
Let k(s) = 200*s**3 - 4*s**2 + 225*s + 228. Calculate k(-1).
-201
Let x(i) = 21535*i + 64548. Give x(-3).
-57
Let u(y) = 1349*y + 74128. Determine u(-55).
-67
Let n(v) = -v**3 - 2*v**2 - 2449*v + 2. What is n(0)?
2
Let f(i) = -i**2 - 37*i + 16388. Determine f(-148).
-40
Let a(w) = 152396*w + 304787. Give a(-2).
-5
Let p(j) = -3*j**3 + 13*j**2 + 72*j - 101. Give p(7).
11
Let f(s) = 2*s - 285. Give f(70).
-145
Let n(k) = 128164*k + 897141. What is n(-7)?
-7
Let w(l) = -5983*l - 65806. Determine w(-11).
7
Let j(l) = l**3 + 4*l**2 - 702*l + 3966. Calculate j(6).
114
Let u(p) = 3613285*p - 7226567. Calculate u(2).
3
Let p(i) = i**3 + 46*i**2 + 88*i - 2. What is p(-44)?
-2
Let o(u) = -8501*u - 32156. Calculate o(-4).
1848
Let v(m) = m**3 - 32*m**2 + 158*m + 45. Determine v(27).
666
Let n(i) = i**3 + 51*i**2 + 643*i + 167. Calculate n(-29).
22
Let o(k) = 1174*k - 705185. Determine o(601).
389
Let i(j) = 31*j**2 + 1003*j - 648. What is i(-33)?
12
Let n(w) = -12*w**3 - 4705*w**2 - 1562*w - 458635. What is n(-392)?
5
Let o(m) = m**2 + 38*m - 2149. Give o(31).
-10
Let y(q) = 2*q**2 - 2031*q - 561168. What is y(-226)?
-10
Let y(j) = 4626*j + 19968. What is y(-5)?
-3162
Let k(b) = -3*b**3 + 35*b**2 - 451*b + 4057. Determine k(10).
47
Let h(w) = 9067*w + 516829. Give h(-57).
10
Let w(d) = 3310*d - 49671. Calculate w(15).
-21
Let s(j) = -274*j**2 - 768*j - 30. Calculate s(-4).
-1342
Let s(r) = 2*r**3 - 271*r**2 + 155*r - 2789. Determine s(135).
-89
Let q(t) = -t**3 - 44*t**2 - 263*t - 13902. Calculate q(-45).
-42
Let m(h) = -12*h**3 - 181*h**2 + 944*h + 975. Give m(-19).
6
Let y(c) = 8*c**2 + 368*c + 9. What is y(-49)?
1185
Let u(m) = -56*m**3 - 201*m**2 + 15*m. Give u(-3).
-342
Let m(z) = 4*z**3 - 416*z**2 + 10311*z + 4405. Calculate m(42).
-5
Let h(d) = -2*d**2 - 146*d + 1492. Calculate h(-82).
16
Let z(b) = 4603*b - 13197. Calculate z(3).
612
Let a(b) = -2206*b - 17632. Give a(-8).
16
Let q(i) = -10287*i**2 - 31095*i - 705. Determine q(-3).
-3
Let r(q) = 1685*q - 48864. Give r(29).
1
Let b(g) = -322*g**2 + 2540*g + 297. Determine b(8).
9
Let b(s) = -27*s**3 - 39*s**2 + 90*s + 38. Determine b(3).
-772
Let t(i) = i**3 - 17*i**2 - 28*i - 698. What is t(20)?
-58
Let u(p) = -37*p**2 + 902*p - 275. Calculate u(24).
61
Let g(p) = -311*p + 42788. Calculate g(129).
2669
Let y(r) = 335*r - 214406. Determine y(640).
-6
Let d(q) = q**3 + 816*q**2 + 53570*q + 131. What is d(-72)?
-13
Let y(l) = -72*l**3 + 430*l**2 + 29*l - 102. What is y(6)?
0
Let d(u) = 11*u**2 - 79*u - 3. Determine d(8).
69
Let j(r) = r**3 + 146*r**2 + 3447*r - 13456. Give j(-115).
114
Let m(h) = -h**3 + 4*h**2 + 15527*h + 8. Determine m(0).
8
Let n(b) = -b**3 + 13*b**2 + 1134*b - 9083. Calculate n(37).
19
Let z(f) = -f**2 + 75*f - 739. Give z(80).
-1139
Let m(o) = o**3 - 54*o**2 + 303*o + 4504. Give m(45).
-86
Let z(q) = q**2 + 1356*q + 8097. What is z(-6)?
-3
Let w(l) = -3*l**2 - 2042*l + 434869. Determine w(-851).
8
Let y(x) = x**3 - 228*x**2 - 9202*x - 58. What is y(-35)?
-163
Let n(x) = -30*x**2 + 773*x + 2937. Determine n(29).
124
Let b(i) = 4*i**2 - 7613*i + 53264. What is b(7)?
169
Let u(